 of 209351164.
2, 11, 461, 10321
What are the prime factors of 57352968?
2, 3, 17, 15619
List the prime factors of 69958141.
11, 1283, 4957
List the prime factors of 27846513.
3, 47, 65831
What are the prime factors of 346895668?
2, 7, 97, 337, 379
List the prime factors of 2414613436.
2, 31, 2687, 7247
What are the prime factors of 264865268?
2, 3923, 16879
List the prime factors of 42689683.
107, 398969
List the prime factors of 19075510.
2, 5, 23, 197, 421
What are the prime factors of 318882595?
5, 63776519
What are the prime factors of 13099958?
2, 6549979
List the prime factors of 5596126042.
2, 13, 7237, 29741
List the prime factors of 35231212.
2, 8807803
List the prime factors of 75497240.
2, 5, 7, 13, 2963
What are the prime factors of 29922064?
2, 1870129
What are the prime factors of 988889500?
2, 5, 1977779
What are the prime factors of 693745546?
2, 13, 2333, 11437
What are the prime factors of 36849942?
2, 3, 2047219
What are the prime factors of 41969187?
3, 13, 358711
What are the prime factors of 5517449101?
103, 359, 149213
List the prime factors of 979931.
17, 59, 977
What are the prime factors of 60490437?
3, 7, 17, 23, 53, 139
List the prime factors of 244707800.
2, 5, 29, 31, 1361
List the prime factors of 214635743.
7, 53, 578533
List the prime factors of 655060051.
251, 389, 6709
List the prime factors of 916053424.
2, 11, 13, 43, 9311
List the prime factors of 3041118922.
2, 181, 1471, 5711
List the prime factors of 170719319.
8431, 20249
What are the prime factors of 178579148?
2, 11, 83, 107, 457
List the prime factors of 347824912.
2, 131, 165947
What are the prime factors of 135087679?
135087679
List the prime factors of 120577567.
11, 10961597
List the prime factors of 228367937.
7, 53, 59, 10433
List the prime factors of 161376838.
2, 7, 53, 217489
What are the prime factors of 4695609?
3, 1565203
List the prime factors of 580403010.
2, 3, 5, 11, 1758797
List the prime factors of 34477400.
2, 5, 19, 43, 211
List the prime factors of 171647844.
2, 3, 17, 841411
What are the prime factors of 5178960054?
2, 3, 227, 991, 1279
List the prime factors of 5387730432.
2, 3, 7, 29, 37, 467
What are the prime factors of 108030172?
2, 17, 23, 69073
What are the prime factors of 7119517741?
7, 3583, 283861
List the prime factors of 63782760.
2, 3, 5, 43, 47, 263
List the prime factors of 129290245.
5, 7, 23, 6983
List the prime factors of 989009083.
5471, 180773
List the prime factors of 132933603.
3, 11, 41, 98251
What are the prime factors of 270533052?
2, 3, 7514807
List the prime factors of 187545330.
2, 3, 5, 7, 297691
What are the prime factors of 546532126?
2, 7, 521, 74929
What are the prime factors of 61742135?
5, 7, 13, 135697
List the prime factors of 13751934.
2, 3, 7, 19, 907
List the prime factors of 46358887.
46358887
What are the prime factors of 945306038?
2, 472653019
What are the prime factors of 62255968?
2, 1945499
List the prime factors of 2575673157.
3, 127, 967, 6991
What are the prime factors of 169931108?
2, 2069, 20533
List the prime factors of 75559791.
3, 163, 191, 809
What are the prime factors of 212913234?
2, 3, 2797, 4229
What are the prime factors of 20598078?
2, 3, 67, 51239
What are the prime factors of 526715300?
2, 5, 5267153
What are the prime factors of 7352635?
5, 61, 24107
List the prime factors of 163739702.
2, 7, 197, 59369
List the prime factors of 283868102.
2, 7, 20276293
List the prime factors of 265398750.
2, 3, 5, 31, 761
List the prime factors of 553667022.
2, 3, 1801, 5693
List the prime factors of 114265350.
2, 3, 5, 53, 1597
What are the prime factors of 3174540244?
2, 31, 25601131
What are the prime factors of 967851694?
2, 59, 71, 115523
What are the prime factors of 3058282896?
2, 3, 643, 99089
What are the prime factors of 226864968?
2, 3, 11, 547, 1571
List the prime factors of 493720524.
2, 3, 11, 41, 47, 647
List the prime factors of 25117285.
5, 31, 131, 1237
List the prime factors of 15718794.
2, 3, 7, 13, 28789
List the prime factors of 384383156.
2, 96095789
What are the prime factors of 44005028?
2, 11001257
List the prime factors of 39766117.
39766117
What are the prime factors of 39890013?
3, 1889, 7039
List the prime factors of 28264273.
28264273
List the prime factors of 24003590.
2, 5, 13, 29, 6367
What are the prime factors of 91385182?
2, 7, 1327, 4919
What are the prime factors of 110679276?
2, 3, 1061, 8693
What are the prime factors of 7228310?
2, 5, 293, 2467
What are the prime factors of 59367454?
2, 29683727
List the prime factors of 11893069.
19, 43, 14557
What are the prime factors of 2652973123?
29671, 89413
List the prime factors of 318708336.
2, 3, 6639757
What are the prime factors of 2161434748?
2, 11, 1319, 37243
What are the prime factors of 23929846?
2, 17, 703819
What are the prime factors of 191902918?
2, 29, 71, 46601
List the prime factors of 95637024.
2, 3, 7, 251
List the prime factors of 4597209.
3, 170267
List the prime factors of 289974259.
223, 1300333
What are the prime factors of 58632641?
47, 173, 7211
List the prime factors of 57689119.
1951, 29569
What are the prime factors of 194997571?
194997571
What are the prime factors of 145354035?
3, 5, 1151, 8419
What are the prime factors of 6226836487?
10753, 579079
What are the prime factors of 220953306?
2, 3, 7, 31, 223, 761
List the prime factors of 52396578.
2, 3, 13, 101, 739
List the prime factors of 527846675.
5, 103, 359, 571
What are the prime factors of 182725391?
182725391
List the prime factors of 15735543.
3, 907, 5783
List the prime factors of 22629936.
2, 3, 7, 47, 1433
What are the prime factors of 50621108?
2, 12655277
List the prime factors of 1156009334.
2, 43, 97, 138577
What are the prime factors of 2104163332?
2, 1481, 355193
List the prime factors of 130742882.
2, 65371441
List the prime factors of 1658311489.
31, 773, 69203
What are the prime factors of 449145459?
3, 7, 647, 3673
List the prime factors of 40820154.
2, 3, 457, 14887
What are the prime factors of 839829208?
2, 1223, 85837
What are the prime factors of 228036221?
7, 32576603
List the prime factors of 77997485.
5, 23, 43, 15773
What are the prime factors of 3291149975?
5, 71, 1303, 1423
List the prime factors of 116350909.
116350909
List the prime factors of 1855723416.
2, 3, 2003, 38603
What are the prime factors of 5581951?
1093, 5107
List the prime factors of 881058619.
7, 125865517
What are the prime factors of 3666586966?
2, 7, 261899069
What are the prime factors of 754937631?
3, 7, 1531, 2609
What are the prime factors of 101966120?
2, 5, 1361, 1873
What are the prime factors of 33038614?
2, 7, 2359901
List the prime factors of 1198211526.
2, 3, 66567307
What are the prime factors of 674637438?
2, 3, 31, 3627083
What are the prime factors of 264230678?
2, 181, 729919
List the prime factors of 3682223463.
3, 251, 769, 6359
What are the prime factors of 123432043?
7, 17633149
List the prime factors of 10391808.
2, 3, 7, 1933
List the prime factors of 10668908.
2, 2667227
List the prime factors of 2383460887.
2383460887
List the prime factors of 429642713.
43, 9991691
List the prime factors of 7568224114.
2, 11, 89, 3865283
List the prime factors of 163986324.
2, 3, 73, 131, 1429
List the prime factors of 33842482.
2, 1571, 10771
What are the prime factors of 26391144?
2, 3, 13, 251, 337
What are the prime factors of 284265940?
2, 5, 7, 2030471
What are the prime factors of 109018857?
3, 73, 109, 4567
What are the prime factors of 23346974?
2, 7, 1667641
What are the prime factors of 924483125?
5, 1479173
What are the prime factors of 18714766?
2, 7, 27281
List the prime factors of 7067766029.
54251, 130279
What are the prime factors of 165659496?
2, 3, 6902479
What are the prime factors of 1552769366?
2, 197, 3941039
What are the prime factors of 577441438?
2, 7, 71, 580927
What are the prime factors of 6121409284?
2, 19, 6581, 12239
What are the prime factors of 120743095?
5, 11, 17, 29, 61, 73
What are the prime factors of 53794789?
1459, 36871
List the prime factors of 59828335.
5, 7, 163, 10487
List the prime factors of 161845647.
3, 53948549
What are the prime factors of 119701447?
31, 3861337
What are the prime factors of 436066538?
2, 6907, 31567
What are the prime factors of